**2. Let s be j(-3). What is the greatest common factor of s and 16?
8
Let d be (-6)/(-4)*54/1. Suppose -5*k = -4*q + d, -4*q + k + 61 = -0*q. What is the highest common factor of 112 and q?
14
Let k(r) = 2*r**3 + 6*r**2 - 8*r + 4. Let m be k(3). Suppose 1 = -0*l - l. Let s be -11*((1 - l) + -4). Calculate the greatest common divisor of s and m.
22
Let m(v) = -v + 2. Let t be m(-4). Let o = 1 - -33. Suppose i - o = t. What is the highest common factor of i and 5?
5
Let o be 0 + (0 - -1) - -21. Suppose 24 = 5*b + 2*r - 4*r, -2*b - r = -15. Let w be b/(-33) - (-290)/o. What is the highest common divisor of w and 117?
13
Let n(c) = -c**3 + 8*c**2 - 2*c + 5. Let r(f) = -5*f - 9. Let l be r(-6). Suppose -l + 0 = -3*y. Let d be n(y). Calculate the highest common divisor of d and 5.
5
Let n = 52 - 49. Suppose -106 = -2*g - 46. What is the highest common factor of g and n?
3
Suppose 0 = 5*k - 2*k - 12. Let f = 2 - -4. Let n = f - k. What is the highest common divisor of 4 and n?
2
Let j = 47 - 12. Let t be ((-48)/20)/((-2)/j). Calculate the greatest common divisor of t and 105.
21
Let d(q) = -q**2 - q - 152. Suppose 0 = h - 6*h. Let j be d(h). Let t = -56 - j. What is the highest common divisor of 12 and t?
12
Let m(r) = -4*r**3 + r**2 - r + 1. Let j be m(-2). What is the greatest common factor of j and 26?
13
Suppose -z + 4*z - 51 = 0. Suppose 1 = -k + z. Calculate the greatest common divisor of 48 and k.
16
Let o = -43 - -23. Suppose 4*f = -f + 2*l + 185, -3*f = 3*l - 90. Let c = o + f. Calculate the greatest common factor of 3 and c.
3
Let q be 2 - (-1 + (1 - 1)). Suppose q*g = -h + 247, 0 = h + 5. Calculate the highest common divisor of 21 and g.
21
Let b(h) = h**3 - 13*h**2 + h + 3. Let n be b(13). What is the highest common divisor of 24 and n?
8
Let a = -20 - -31. Let g(u) = u**2 - 2*u. Let p be g(2). Suppose -5*z + 2 + 3 = b, p = 5*b. What is the highest common factor of a and z?
1
Let q = 20 + -34. Let f = q - -29. What is the greatest common divisor of 60 and f?
15
Suppose -l + x = -17, -x + 2*x = 4*l - 56. Let r = l - 8. Let k be (r - 6)/(2/(-26)). Calculate the greatest common divisor of k and 39.
13
Let i(s) = s**2 - 5*s - 23. Let r be i(-5). Calculate the highest common divisor of r and 36.
9
Let u = 4 + -4. Suppose u = 2*c - 5*c. Let w = c - -6. Calculate the highest common factor of 18 and w.
6
Let o = -7 + 11. Suppose 4*i - j - 416 = -4*j, o*j = 0. Suppose 6*c = c + 65. Calculate the highest common divisor of c and i.
13
Let g be -2 - (0/1 + -15). Let q(d) = -5*d - 3. Let f be q(-8). Let n = f - 11. Calculate the highest common factor of n and g.
13
Let s(x) = -4*x + 2 - 4*x - 2*x. Let g be s(-2). What is the highest common factor of 242 and g?
22
Let r = -15 + 17. Suppose v + 5 = 0, 5*d + 25 - 825 = -r*v. What is the highest common factor of d and 18?
18
Let w(v) = 8*v - 8. Let k be w(6). Suppose -h = -26 - 12. Suppose 4*q - h = 2*y, q = 4*q + 3*y - 15. Calculate the highest common factor of q and k.
8
Let k(v) be the third derivative of 1/60*v**5 - 11/6*v**3 - 1/4*v**4 + 0*v + 0 - 2*v**2. Let z be k(9). Calculate the highest common factor of z and 48.
16
Suppose 0 = -w + 11 + 21. Suppose 2*l - 2*c = -80, 4*c - 127 = -5*l - 318. Let u = l + 55. Calculate the highest common divisor of w and u.
16
Let j = 7 - 5. What is the greatest common divisor of 16 and j?
2
Suppose 198 = -12*v + 15*v. Calculate the highest common factor of 22 and v.
22
Let k be 2 - 2*(-43)/2. Calculate the highest common divisor of 30 and k.
15
Let c be 0*(-1)/2*1. Suppose 5*t + c*t = 15. Calculate the highest common divisor of 9 and t.
3
Suppose -2*x + 44 = -132. Let l = -54 + x. Suppose 39 = 6*d - 63. Calculate the highest common divisor of d and l.
17
Let d(n) = -n**3 - 2*n**2 - 2*n - 3. Let h be d(-2). Calculate the greatest common divisor of h and 5.
1
Let h be (-1)/4 - (-10)/40. Suppose h = z - 3*j - 73, -3*z + j - 135 = -394. Calculate the highest common factor of 8 and z.
8
Let t = 8 - 4. Let k(m) = -m + 9. Let w be k(t). Let q be 0/(-1) - (2 + -47). Calculate the highest common divisor of w and q.
5
Let r = -3 - -3. Suppose 3*k = -r*k. Suppose 5*b = 20, k*q - b + 34 = 5*q. Calculate the highest common divisor of q and 48.
6
Suppose -3*v + 4 = -8. What is the highest common factor of v and 36?
4
Let b = 63 - 57. What is the highest common factor of 2 and b?
2
Let s = -40 - -20. Let n = s + 70. Suppose 37 = 3*y - 0*y - t, 0 = 4*y - t - n. Calculate the greatest common divisor of y and 91.
13
Suppose r = -5*g + 155, 84 = 3*g - g - 4*r. What is the highest common divisor of g and 8?
8
Suppose -5*p = 4*f - 101, -3*f - 3*p + 82 = 7. Let b(v) = v**3 - 5*v**2 - 4*v. Let t be b(6). Calculate the greatest common divisor of t and f.
12
Let t(d) = 2*d**3 - 5*d**2 - 2*d. Let y be t(4). Calculate the greatest common divisor of 4 and y.
4
Suppose 1 = -3*n + 2*n. Let v be 4*(10 + (-1)/n). Suppose u + 3*z - 35 = -4*u, 2*u - z = 3. Calculate the greatest common divisor of u and v.
4
Suppose -6*r - j + 395 = -r, 4*j = 3*r - 260. Suppose -3*y + 34 = -2*p, -20 = -4*y + p + 22. Calculate the greatest common factor of y and r.
10
Let u(i) = i**2 + 3*i - 1. Let t be u(-4). What is the highest common divisor of t and 33?
3
Let z = 60 + -36. Calculate the highest common factor of z and 3.
3
Suppose 2*g + 31 = 337. Let c(w) = -4*w + 4*w + w + 2 - 2*w. Let j be c(-15). Calculate the greatest common divisor of g and j.
17
Let t(k) = -k + 5. Let s be t(0). Suppose -2*z = -3*z + 10. What is the highest common factor of s and z?
5
Let g(k) = -k**2 - 14*k + 27. Let m be g(-14). Calculate the greatest common divisor of 297 and m.
27
Suppose -43 = -5*w - 3. Suppose -168 + 568 = 10*y. Calculate the greatest common divisor of y and w.
8
Let j = 2 - -16. Calculate the highest common divisor of 27 and j.
9
Let l be (2*4 - 2) + -1. Let k(q) = -q**2 + 24*q - 18. Let b be k(23). What is the greatest common factor of b and l?
5
Let w(f) = 4*f + f - 4 - f - f. Let k be w(4). What is the greatest common factor of 24 and k?
8
Suppose -4*n + 15 = 2*c + n, c = -5*n + 5. Suppose -c*i + 5*i + 315 = 0. What is the highest common divisor of 7 and i?
7
Suppose -25*v = -24*v - 60. What is the highest common divisor of v and 36?
12
Let i = -21 - -49. Calculate the greatest common factor of i and 4.
4
Suppose -3*z - 6*z = -369. What is the highest common factor of z and 287?
41
Let n = -7 - -10. Suppose n*a + a = 16. Suppose -3*j + 8*j = -4*r + 628, -5*r + 794 = a*j. Calculate the highest common divisor of 18 and r.
18
Let s(g) = 4*g + 1. Let u be s(1). Suppose 2*c = 39 + u. Calculate the greatest common factor of 22 and c.
22
Let q = -9 + 21. What is the greatest common divisor of q and 6?
6
Suppose -o = -2*o + 84. Suppose -3*b = 2*f - 0*f + 42, 3*b = -6. Let c = 30 + f. Calculate the highest common factor of c and o.
12
Suppose 0 = -0*r + 5*r - 540. Suppose 0 = y - 5*y + r. Calculate the highest common divisor of y and 18.
9
Let z(a) = a**3 + 8*a**2 - 13*a - 12. Let r be z(-9). What is the greatest common factor of 6 and r?
6
Let p = 185 - 67. Suppose 44 = d - p. What is the greatest common divisor of 18 and d?
18
Let w(g) = -g - 8. Let m be w(6). Let n = -9 - m. Let s = -9 - -11. What is the highest common factor of s and n?
1
Let g(s) = -11*s + 2. Let a be g(-5). What is the greatest common divisor of a and 456?
57
Let z = 16 + 6. What is the highest common divisor of z and 154?
22
Let w be 18/(-30) - 144/10. Suppose 10 = -5*f + 155. Let x = f + w. What is the greatest common factor of 21 and x?
7
Let m be (3 - -3)*6*4/6. What is the highest common divisor of m and 168?
24
Suppose 2*c = 4*x - 2*c, 2*x + 3*c = 25. Calculate the highest common divisor of 20 and x.
5
Let t = 17 - 7. Let z(j) = 9*j + 75. Let h be z(-5). Calculate the greatest common divisor of t and h.
10
Suppose -3*d + 0*d = 0. Suppose d = 2*j - 0*j - 4. Let v be 2 + 8/2 + -2. Calculate the highest common divisor of j and v.
2
Let i = 35 + -24. What is the greatest common divisor of 22 and i?
11
Let x be 50/3*(-3)/1. Let t = x + 78. Suppose 3*q - 5 = 37. Calculate the highest common divisor of t and q.
14
Suppose -2*q + k + 39 = 0, -5*q + 40 + 62 = -4*k. Let f be (3/(-2))/(8/(-48)). Calculate the highest common divisor of q and f.
9
Let 